Let b be 32/2 + (-4 - -6 - 2). Suppose -5*p + 4*g = 5*g - 54, -g = -2*p + b. Suppose -4*c = -62 + p. What is the greatest common factor of c and 26?
13
Let d = 499 + -927. Let l be (-4)/(-1 - d/436). What is the greatest common factor of 2 and l?
2
Let k(c) = -c**2 - 5*c - 10. Let f be k(9). Let t be (-14)/(-8)*f/(-2). Calculate the highest common divisor of 7 and t.
7
Let u(v) = 63*v**3 - 19*v**2 + 22*v - 2. Let l be u(1). Suppose -5*k = -5*i + 6*i - 24, -4*i - 2*k + 96 = 0. Calculate the highest common factor of l and i.
8
Let z be ((-76)/95)/(8/(-60)). What is the greatest common divisor of z and 436?
2
Let v(s) = -1645*s - 4920. Let i be v(-3). What is the highest common divisor of i and 771?
3
Let z be (-6)/((-126)/7)*(-192648)/(-23). What is the greatest common divisor of 32 and z?
8
Suppose 28*u - 33*u + 62868 = 73*u. What is the highest common factor of 186 and u?
62
Let s(b) = -b + 3. Let z be s(5). Let p be 42/(-7)*(z - (-100)/(-8)). Calculate the greatest common divisor of p and 29.
29
Let k = 308 + -316. Let a be 2277/132 - 6/k. What is the greatest common factor of a and 30?
6
Let u be (-6)/129 + (-290286)/(-774). What is the greatest common factor of u and 3125?
125
Let g = 201 + 241. Let p = -402 + g. Suppose 5*u - 96 = u + 5*c, -2*u = 5*c - 48. Calculate the greatest common factor of p and u.
8
Suppose -2*m + 124 = w - 146, 5*w - 1305 = 5*m. Calculate the highest common factor of w and 352.
88
Suppose 0 = 8*p - 963 - 157. Calculate the highest common factor of 35 and p.
35
Suppose 0 = 7*i - 12*i + 5. Let n be 51 - (-5 + 5)*i. Calculate the greatest common divisor of 221 and n.
17
Let l(h) = h**3 - 8*h**2 + 2*h - 17. Let d be l(8). Let n be 0*(3 + -2)*d - 1. Let p be (-9 - -49) + n + 1. Calculate the greatest common factor of p and 16.
8
Let u(h) = h**2 + 51*h - 602. Let d be u(-61). What is the greatest common divisor of d and 2248?
8
Let d be -9 + 10/5*50. What is the highest common divisor of 221 and d?
13
Suppose 0 = -9*u - 8 + 134. Let i be (10/(-30))/(1/(-84)). Let b be (6 + -21)/((-6)/i). Calculate the highest common factor of u and b.
14
Suppose 9*k - 8*k = 112. Calculate the greatest common factor of 952 and k.
56
Suppose -4*g - 4*s - 52 = 0, -2*g - 41 = 3*s + 2*s. Let v(y) = -2*y**3 - 17*y**2 - 12*y + 18. Let d be v(g). Calculate the highest common divisor of d and 10.
10
Suppose -5*n + 18 = 4*u, 5*u - 14 = -3*n + 2. Let c = -199 - -163. Let y = 42 + c. What is the greatest common divisor of y and u?
2
Suppose -3*r = 2*w - 9, -6*r = 5*w - 7*r - 31. Suppose -105 = -9*u - w*u. Let i be (1 + 6)/((-2)/(-4)). What is the highest common factor of i and u?
7
Let j(f) = -2*f. Let x be j(-7). Let l = 316991 - 316137. Calculate the greatest common divisor of x and l.
14
Let j(z) = 3*z**2 - 5*z**2 + 3*z**2 - 1. Let h be j(-3). Suppose -18179*l - 168 = -18182*l. What is the highest common divisor of h and l?
8
Let z be 161/4 - (-73)/(-292). Suppose 9*s - 4*s - z = -5*j, -2*j - 8 = -s. Calculate the greatest common divisor of 896 and s.
8
Let l(x) = 13*x**2 - 5*x - 13*x + 23*x + 2. Let b be l(-2). Calculate the greatest common factor of 4 and b.
4
Suppose 4*q = 2*j - 40, -13*q - 154 = -5*j - 12*q. Calculate the greatest common factor of 1376 and j.
32
Suppose 5*y - 2*y = 6, -62 = -3*n - y. Let u be (n - 0)*(-22 + 26). Suppose o + 3*m = 16, 2*o - 4*m - 10 - 2 = 0. What is the highest common divisor of o and u?
10
Let m = -23492 - -24322. What is the greatest common divisor of m and 15604?
166
Let t = 0 - 1. Let z be 82/2 - (t + 0). Suppose 117*n - 85*n = 78*n - 644. Calculate the highest common divisor of n and z.
14
Suppose -313*m - 7938 = -355*m. Let w(c) = 3*c + 1. Let a be w(10). Let u = -10 + a. What is the highest common factor of u and m?
21
Suppose -235*n = -206*n - 2233. What is the greatest common factor of n and 15169?
77
Let n = -2330 + 2340. What is the greatest common divisor of n and 2510?
10
Suppose -69*n - 229049 + 668555 = -1455234. What is the highest common factor of n and 40?
20
Suppose -4*z + 4991 = -3*y, -56*z + 57*z + 4*y = 1243. What is the greatest common divisor of 29 and z?
29
Suppose -5*w = -j + 25 - 294, -j + 217 = 4*w. Calculate the highest common divisor of w and 8019.
27
Suppose -10*r = -8*r - 4. Let g = 7 - r. Let k be 14 + 2 - g/(5/(-2)). Calculate the greatest common divisor of 126 and k.
18
Suppose 129*l + 2*p + 62 = 131*l, 37 = 2*l + 3*p. What is the highest common divisor of l and 11518?
26
Let n(d) = d**2 + 30*d + 123. Let h be n(-27). Let x(p) = -p**3 + 40*p**2 + 87*p - 106. Let q be x(h). What is the highest common factor of q and 64?
4
Suppose -8*i = 3*z - 7*i - 29, -5*i - 26 = -4*z. Let x(g) = -g**2 + 10*g + 7. Let k be x(z). What is the greatest common factor of k and 2?
2
Suppose -2952 = -2*b + 2*r, 4*r = 2*b + 630 - 3586. Calculate the greatest common factor of b and 2278.
134
Suppose -3 = -l - 1. Suppose l*r - 3 = 11. Suppose 0 = -2*y - q + 16, 2*y = q + r + 1. What is the greatest common factor of 9 and y?
3
Let s(h) = h - 25. Let y(b) = 1. Let o(q) = -s(q) - 6*y(q). Let v be o(10). Suppose -6*u + 21 + v = 0. What is the greatest common divisor of u and 20?
5
Let z = 2342 - 2257. Calculate the greatest common divisor of z and 35.
5
Let s = 17718 - 17663. Let m = 3 - 1. Calculate the greatest common factor of m and s.
1
Suppose 2*o - 3*o = -16. Suppose -2*u + 1810 = -4*d + 9*d, 4*d = -3*u + 1448. Let j = d + -322. Calculate the greatest common factor of o and j.
8
Let d(t) = -4*t**3 - 24*t**2 + 36*t - 43. Let j be d(-12). Calculate the highest common divisor of 22 and j.
11
Suppose -1 = -8*o + 79. Suppose -3 = i - 11. Let n(u) = -u**2 + 17*u - 2. Let k be n(i). What is the greatest common divisor of o and k?
10
Let t = 55 - 49. Suppose 5*l - 5*w = -35, -5*w + 11 = -3*l - 6. Let o be l/t*160/(-12). Calculate the greatest common divisor of o and 10.
10
Let j(o) = 2*o - 7*o - 3*o + 13 - 9*o**2 - o**3. Let w be j(-7). Let v = -21 - w. Calculate the highest common divisor of 4 and v.
4
Let x be 962/(-4 + 5) + (9 - 14/7). What is the highest common factor of x and 561?
51
Let p be 89*(-28 - -9 - -24). Calculate the greatest common factor of 50 and p.
5
Let r(a) = -a**2 - 7*a - 7. Let b be r(-5). Let u be (((-49)/b)/1)/((-14)/(-42)). Let z = u + 66. What is the highest common divisor of 153 and z?
17
Suppose 0 = -56*s + 59*s + 4*w - 471, 340 = 2*s - 6*w. Calculate the highest common divisor of s and 115.
23
Suppose -2*d = 2*g - 8630, -4*d = 7*g - 9*g + 8606. Suppose -g = -38*f + 2149. Calculate the highest common divisor of 50 and f.
10
Suppose -4*f - 12 = -28. Suppose -3 = 2*a - i - 0*i, 3 = -f*a + i. Suppose 7*n - 23 - 82 = a. What is the greatest common factor of 15 and n?
15
Let r = -3274 - -3330. Calculate the greatest common divisor of r and 72.
8
Let w(x) = 464*x - 22. Let i(p) = 232*p - 10. Let f(n) = -13*i(n) + 6*w(n). Let q be f(-1). What is the highest common divisor of q and 20?
10
Let l be -45*(15686/(-66))/31. What is the highest common factor of 5589 and l?
69
Suppose 4*p + 3*j = 741, 218 = 2*p + 4*j - 140. Let o = 334 - p. What is the greatest common divisor of 5 and o?
5
Suppose 15*c = 18*c + 414. Let n be (5/(-10))/(3/c). Suppose n = p - 1. Calculate the highest common divisor of 96 and p.
24
Let r = -25 + 26. Let s be (-40)/30*(10/(-4) + r). Let i be ((-3)/5)/((-6)/360*s). Calculate the highest common divisor of i and 30.
6
Let n(c) = -51*c + 1887. Let b be n(29). Calculate the highest common factor of 6 and b.
6
Let f be (-76)/(-6) + 4/(-6). Let n = -28176 + 28284. Calculate the highest common divisor of f and n.
12
Suppose 5*q - 347 = -962. Let x = 125 + q. Calculate the greatest common factor of x and 10.
2
Suppose 11*h - 10*h = 7. Suppose h = 2*p - 25. Suppose z = -3*n + p, -2*z = -3*z - 4*n + 13. Calculate the greatest common factor of z and 200.
25
Suppose 207*o = 213*o - 288. Let i be (-3 + -1)*35/((-140)/o). Calculate the greatest common divisor of 80 and i.
16
Let g(z) = -z**3 + 5*z**2 - 75*z - 380. Let n be g(-6). What is the highest common factor of 7223 and n?
233
Let y = -928 + 1511. Suppose 2*r - 9 = -r, 0 = 4*o - 3*r - 203. What is the highest common factor of o and y?
53
Suppose 4*m - 3*h = 6736, 0 = -67*h + 69*h + 8. What is the greatest common factor 